38319664 and 1504?
752
Calculate the greatest common divisor of 24405 and 4210.
5
What is the greatest common factor of 413279694 and 18?
18
Calculate the greatest common factor of 2197360 and 3178.
454
Calculate the greatest common factor of 111765 and 177.
3
Calculate the greatest common factor of 40 and 2862980.
20
What is the highest common factor of 139401 and 141507?
81
What is the greatest common divisor of 1443 and 2353533?
1443
Calculate the highest common divisor of 46662621 and 183.
183
Calculate the highest common factor of 90270225 and 675.
225
What is the greatest common divisor of 1797 and 28809?
3
What is the highest common divisor of 211574132 and 124?
124
What is the highest common divisor of 478398 and 2627?
71
What is the highest common factor of 63854 and 451654?
14
Calculate the greatest common factor of 668 and 260919798.
334
What is the highest common divisor of 44184 and 9955176?
168
What is the highest common divisor of 29848 and 6991608?
104
Calculate the greatest common factor of 393 and 5815745.
131
Calculate the greatest common divisor of 2577100 and 80.
20
What is the greatest common factor of 75396 and 9333036?
1236
What is the greatest common divisor of 462667858 and 254?
254
Calculate the highest common divisor of 1600 and 531440.
80
Calculate the highest common divisor of 24 and 38256648.
24
Calculate the greatest common divisor of 5835 and 28054680.
5835
What is the highest common factor of 45 and 32629245?
15
Calculate the greatest common divisor of 538216 and 25480.
392
What is the greatest common factor of 476 and 53819960?
68
Calculate the greatest common factor of 228454917 and 57.
57
Calculate the highest common divisor of 8514816 and 2304.
768
What is the highest common factor of 434024514 and 294?
42
What is the greatest common factor of 5017681 and 481?
37
Calculate the greatest common factor of 1101 and 3890567.
367
What is the highest common divisor of 122599692 and 12?
12
What is the greatest common factor of 5921 and 92184049?
5921
What is the highest common divisor of 10226 and 62250?
2
Calculate the highest common divisor of 1660 and 73844270.
830
Calculate the highest common factor of 73925 and 29017041.
2957
What is the highest common factor of 1574 and 1184760818?
1574
Calculate the highest common factor of 10608 and 1581.
51
What is the highest common factor of 281472 and 91519448?
5864
What is the highest common divisor of 291455 and 38695?
355
Calculate the highest common divisor of 1296 and 162618.
6
Calculate the highest common divisor of 16986 and 50198.
38
What is the greatest common divisor of 16322348 and 158?
158
What is the highest common factor of 1920267 and 9577?
157
Calculate the greatest common divisor of 396872 and 36442.
266
Calculate the highest common factor of 13320401 and 187.
17
Calculate the greatest common factor of 1663884 and 208.
4
Calculate the highest common factor of 447745 and 9387.
149
Calculate the greatest common factor of 5508156 and 36.
12
Calculate the greatest common factor of 3072 and 1147312.
16
What is the highest common factor of 681 and 1216522283?
227
Calculate the greatest common factor of 11792 and 143.
11
Calculate the highest common divisor of 16201019 and 2656.
83
What is the highest common factor of 3588 and 802386234?
1794
What is the greatest common divisor of 2877 and 559886257?
959
What is the highest common divisor of 5538 and 11054771?
923
What is the greatest common divisor of 73365 and 625245?
1095
What is the highest common divisor of 8916016 and 646?
38
Calculate the greatest common factor of 10131 and 1371249.
33
Calculate the greatest common factor of 30289192 and 8455.
1691
What is the greatest common divisor of 185 and 9805?
185
Calculate the highest common divisor of 100288 and 305344.
64
What is the highest common divisor of 22 and 140082338?
22
Calculate the greatest common factor of 51 and 6307284.
3
What is the greatest common factor of 251663 and 2?
1
Calculate the greatest common divisor of 7517414 and 530.
106
What is the highest common factor of 33950 and 5289800?
50
What is the highest common factor of 15549183 and 3549?
507
What is the greatest common divisor of 5270639 and 1139457?
5203
What is the greatest common divisor of 1419968 and 16192?
704
Calculate the highest common divisor of 20264681 and 6799.
523
Calculate the highest common divisor of 290 and 258999.
29
What is the greatest common divisor of 2357 and 124857361?
2357
Calculate the greatest common divisor of 12570088 and 20272.
1448
Calculate the highest common divisor of 291463 and 17503.
761
Calculate the highest common factor of 30198015 and 675.
135
What is the greatest common factor of 8 and 1849052?
4
What is the highest common divisor of 44 and 129534295?
11
What is the greatest common divisor of 996726 and 3962?
566
Calculate the highest common divisor of 4804675 and 100.
25
Calculate the highest common factor of 20997 and 4995.
9
Calculate the highest common divisor of 855586008 and 5322.
5322
Calculate the greatest common factor of 519553791 and 27.
27
Calculate the greatest common divisor of 22209 and 24500565.
2019
What is the highest common factor of 21588710 and 1391?
13
Calculate the highest common divisor of 5273631 and 1243.
11
Calculate the highest common factor of 388330025 and 2075.
2075
What is the greatest common divisor of 44 and 1108?
4
What is the highest common divisor of 11233 and 506519?
47
What is the highest common divisor of 917501 and 814411?
10309
Calculate the greatest common factor of 1143 and 223218375.
381
Calculate the greatest common factor of 58480695 and 175.
35
What is the highest common factor of 23009432 and 8?
8
Calculate the highest common divisor of 104904 and 193524568.
11656
What is the highest common divisor of 3328098 and 2976?
186
What is the highest common factor of 447972182 and 182?
14
What is the highest common divisor of 1462 and 1845259?
43
Calculate the highest common divisor of 473 and 458939.
43
Calculate the highest common factor of 32728300 and 660.
220
What is the highest common divisor of 340469150 and 70?
70
What is the greatest common factor of 118445730 and 2626?
2626
Calculate the greatest common factor of 122490 and 108306.
18
Calculate the highest common factor of 126 and 42031296.
18
Calculate the greatest common divisor of 20799120 and 144.
48
What is the highest common divisor of 228 and 36232572?
12
Calculate the greatest common factor of 91973 and 3754.
1877
Calculate the greatest common factor of 441683 and 6545.
11
What is the greatest common divisor of 27051 and 1563633?
213
What is the greatest common divisor of 6930 and 1026438?
42
What is the greatest common factor of 1793 and 76631027?
1793
What is the greatest common factor of 1015 and 1964879?
7
Calculate the highest common factor of 4587440 and 12870.
1430
Calculate the highest common factor of 184 and 5742448.
8
Calculate the greatest common factor of 9978720 and 864.
96
What is the greatest common factor of 8982 and 749282931?
4491
What is the greatest common factor of 22742676 and 6583?
227
Calculate the greatest common divisor of 2560875 and 375.
375
Calculate the greatest common divisor of 1317051 and 162.
9
What is the greatest common divisor of 19913300 and 77?
11
What is the greatest common factor of 97419236 and 10788?
3596
Calculate the highest common factor of 302 and 309322594.
302
Calculate the greatest common divisor of 533328 and 63528.
24
What is the highest common factor of 41242422 and 49686?
1014
What is the greatest common factor of 45924291 and 11431?
497
What is the highest common divisor of 297 and 3329577?
9
Calculate the highest common factor of 28 and 39146282.
14
What is the highest common factor of 893724 and 812844?
4044
What is the greatest common factor of 26197720 and 460?
20
What is the greatest common divisor of 7287 and 1221213?
21
What is the highest common divisor of 1374 and 116103?
687
Calculate the highest common divisor of 16378072 and 1156.
68
Calculate the greatest common factor of 19189 and 1749733.
31
What is the greatest common divisor of 112376 and 121907528?
10216
What is the greatest common divisor of 58974040 and 2920?
40
Calculate the greatest common factor of 539